
-101
What is 3 (base 10) in base 6?
3
-22 (base 14) to base 2
-11110
What is -97 (base 13) in base 10?
-124
Convert -10a (base 11) to base 13.
-a1
What is 118 (base 15) in base 2?
11111000
-105 (base 6) to base 13
-32
What is -102 (base 3) in base 14?
-b
Convert -1 (base 5) to base 15.
-1
-55 (base 8) to base 15
-30
What is -3 (base 5) in base 15?
-3
-1022 (base 3) to base 5
-120
-43 (base 8) to base 6
-55
Convert 101010 (base 2) to base 6.
110
What is 16e (base 15) in base 11?
27a
What is 2 (base 3) in base 11?
2
What is c5 (base 16) in base 9?
238
Convert a1 (base 12) to base 16.
79
What is e (base 15) in base 3?
112
110 (base 7) to base 11
51
-135 (base 6) to base 12
-4b
What is -111000 (base 2) in base 3?
-2002
7 (base 11) to base 9
7
Convert -112 (base 4) to base 15.
-17
-11 (base 3) to base 5
-4
What is -2 (base 11) in base 5?
-2
110 (base 3) to base 2
1100
11 (base 8) to base 16
9
1 (base 16) to base 13
1
What is a (base 11) in base 16?
a
-10 (base 2) to base 14
-2
Convert 3 (base 9) to base 2.
11
Convert 75 (base 13) to base 7.
165
-1 (base 8) to base 9
-1
Convert -59 (base 12) to base 13.
-54
Convert 5 (base 8) to base 2.
101
What is 1 (base 2) in base 10?
1
110 (base 2) to base 11
6
105 (base 6) to base 9
45
Convert -1a (base 12) to base 10.
-22
200 (base 3) to base 9
20
Convert 10 (base 5) to base 15.
5
Convert b (base 13) to base 6.
15
What is 1 (base 10) in base 4?
1
What is 1 (base 15) in base 13?
1
What is -1000000 (base 2) in base 5?
-224
What is -21 (base 6) in base 3?
-111
Convert 0 (base 4) to base 15.
0
-3 (base 9) to base 13
-3
Convert -12 (base 3) to base 4.
-11
-45 (base 10) to base 16
-2d
Convert 12121 (base 3) to base 14.
ab
Convert 2 (base 14) to base 12.
2
-80 (base 12) to base 3
-10120
What is -3 (base 6) in base 7?
-3
Convert -1001 (base 2) to base 15.
-9
What is b (base 16) in base 13?
b
What is 120 (base 3) in base 16?
f
-2 (base 13) to base 12
-2
Convert -3 (base 5) to base 7.
-3
Convert 1101 (base 5) to base 15.
a1
Convert -1 (base 10) to base 2.
-1
What is a (base 11) in base 8?
12
18 (base 13) to base 3
210
101011 (base 2) to base 4
223
Convert -202 (base 4) to base 15.
-24
Convert -18 (base 15) to base 13.
-1a
What is 3 (base 9) in base 2?
11
What is 10110 (base 3) in base 2?
1011101
Convert -102 (base 3) to base 11.
-10
What is c (base 13) in base 14?
c
Convert -25 (base 9) to base 16.
-17
Convert 1 (base 2) to base 9.
1
What is -10 (base 7) in base 11?
-7
-67 (base 9) to base 16
-3d
2c (base 14) to base 13
31
Convert 1 (base 10) to base 4.
1
Convert -42 (base 15) to base 8.
-76
Convert 11 (base 5) to base 3.
20
What is 2430 (base 5) in base 7?
1031
What is 1 (base 16) in base 15?
1
Convert -3 (base 7) to base 15.
-3
Convert -1 (base 11) to base 6.
-1
What is -2 (base 10) in base 9?
-2
-1 (base 3) to base 16
-1
Convert -156 (base 9) to base 6.
-340
3 (base 15) to base 7
3
Convert 16 (base 15) to base 14.
17
Convert -121 (base 3) to base 2.
-10000
What is 24 (base 5) in base 3?
112
Convert b (base 12) to base 8.
13
-213 (base 9) to base 13
-105
What is -35 (base 7) in base 6?
-42
What is -12 (base 8) in base 6?
-14
10111 (base 2) to base 9
25
Convert -1 (base 6) to base 11.
-1
What is 10 (base 3) in base 16?
3
28 (base 14) to base 2
100100
Convert 11 (base 5) to base 3.
20
What is 0 (base 4) in base 3?
0
What is 0 (base 16) in base 10?
0
What is 1210 (base 3) in base 13?
39
What is 1 (base 4) in base 7?
1
What is -77 (base 8) in base 14?
-47
What is 0 (base 12) in base 14?
0
What is -4 (base 5) in base 4?
-10
Convert -61 (base 10) to base 11.
-56
Convert 2 (base 13) to base 10.
2
What is 5 (base 14) in base 11?
5
Convert -d (base 15) to base 9.
-14
67 (base 8) to base 5
210
What is 624 (base 7) in base 8?
470
Convert 15 (base 9) to base 2.
1110
Convert 1 (base 10) to base 15.
1
What is 202 (base 3) in base 2?
10100
-5 (base 6) to base 16
-5
Convert -10 (base 4) to base 13.
-4
Convert -8 (base 11) to base 16.
-8
What is -14 (base 9) in base 10?
-13
10 (base 7) to base 12
7
3 (base 12) to base 3
10
What is fc (base 16) in base 14?
140
Convert 36 (base 11) to base 9.
43
Convert -20 (base 11) to base 2.
-10110
Convert 2141 (base 5) to base 13.
19a
33 (base 7) to base 10
24
-2143 (base 5) to base 2
-100101010
What is 161 (base 9) in base 2?
10001000
What is -110 (base 4) in base 13?
-17
What is -42 (base 9) in base 13?
-2c
What is 8 (base 11) in base 8?
10
Convert -ae (base 16) to base 8.
-256
Convert 1131 (base 4) to base 15.
63
Convert 88 (base 16) to base 9.
161
Convert -120 (base 7) to base 14.
-47
What is 50 (base 7) in base 6?
55
Convert 2 (base 16) to base 9.
2
Convert 236 (base 11) to base 8.
431
65 (base 11) to base 3
2122
Convert 94 (base 16) to base 13.
b5
Convert -41 (base 5) to base 13.
-18
What is -e4 (base 15) in base 9?
-257
-150 (base 11) to base 5
-1201
Convert 102 (base 8) to base 11.
60
Convert -62 (base 13) to base 15.
-55
-52 (base 6) to base 2
-100000
What is 2 (base 6) in base 13?
2
What is 31 (base 15) in base 7?
64
What is -58 (base 14) in base 15?
-53
Convert -85 (base 9) to base 6.
-205
Convert -625 (base 7) to base 5.
-2223
Convert -56 (base 9) to base 5.
-201
Convert -10021 (base 3) to base 2.
-1011000
-10000 (base 2) to base 3
-121
What is -1 (base 7) in base 12?
-1
-21 (base 8) to base 10
-17
Convert -5 (base 6) to base 13.
-5
What is -27 (base 15) in base 16?
-25
Convert -2a (base 16) to base 15.
-2c
-110001 (base 2) to base 16
-31
Convert -3 (base 14) to base 12.
-3
27 (base 11) to base 14
21
Convert 42 (base 8) to base 11.
31
Convert 525 (base 8) to base 13.
203
Convert 231 (base 4) to base 5.
140
Convert b0 (base 13) to base 11.
120
-111 (base 2) to base 16
-7
3 (base 4) to base 14
3
What is -58 (base 13) in base 16?
-49
What is 101 (base 2) in base 8?
5
Convert 102 (base 6) to base 11.
35
43 (base 6) to base 15
1c
Convert 0 (base 12) to base 6.
0
-16 (base 9) to base 12
-13
6 (base 15) to base 2
110
3 (base 7) to base 6
3
Convert -11 (base 3) to base 8.
-4
What is -111 (base 7) in base 15?
-3c
What is 0 (base 5) in base 9?
0
What is 13 (base 14) in base 6?
25
Convert -12 (base 6) to base 15.
-8
Convert 111010 (base 2) to base 11.
53
Convert -9 (base 13) to base 10.
-9
What is 2 (base 10) in base 7?
2
Convert -146 (base 8) to base 12.
-86
What is -4 (base 15) in base 7?
-4
23 (base 10) to base 14
19
What is -1 (base 12) in base 16?
-1
34 (base 6) to base 9
24
What is 15 (base 10) in base 3?
120
-11 (base 16) to base 4
-101
What is 6 (base 7) in base 14?
6
122 (base 3) to base 15
12
-3 (base 6) to base 11
-3
What is 220 (base 3) in base 10?
24
What is 6 (base 15) in base 8?
6
Convert 4 (base 13) to base 12.
4
-11 (base 2) to base 4
-3
-13 (base 10) to base 8
-15
Convert 10 (base 10) to base 15.
a
What is -3 (base 5) in base 4?
-3
Convert 307 (base 9) to base 8.
372
What is -1 (base 7) in base 2?
-1
What is -1 (base 2) in base 12?
-1
Convert -6 (base 13) to base 11.
-6
Convert 154 (base 11) to base 7.
345
Convert -2233 (base 4) to base 2.
-10101111
Convert -20 (base 7) to base 13.
-11
What is 0 (base 3) in base 7?
0
What is -21102 (base 3) in base 7?
-404
-432 (base 5) to base 13
-90
Convert 0 (base 5) to base 15.
0
What is 141 (base 11) in base 14?
bc
-13 (base 13) to base 9
-17
What is 2 (base 11) in base 15?
2
What is 0 (base 15) in base 4?
0
55 (base 14) to base 2
1001011
What is 10 (base 3) in base 4?
3
Convert 26 (base 16) to base 4.
212
What is 3 (base 6) in base 8?
3
What is -1 (base 12) in base 8?
-1
What is 5 (base 16) in base 7?
5
1111000 (base 2) to base 12
a0
What is -10101 (base 2) in base 13?
-18
86 (base 9) to base 3
2220
Convert -9 (base 13) to base 9.
-10
What is -15 (base 9) in base 5?
-24
22 (base 8) to base 14
14
What is 5 (base 15) in base 8?
5
Convert -110011 (base 2) to base 10.
-51
Convert -4 (base 9) to base 6.
-4
Convert -48 (base 16) to base 6.
-200
Convert 25 (base 7) to base 6.
31
-2 (base 13) to base 2
-10
Convert -124 (base 6) to base 16.
-34
What is -3 (base 12) in base 16?
-3
-3 (base 13) to base 11
-3
Convert -52 (base 9) to base 13.
-38
2 (base 14) to base 16
2
Convert -221 (base 3) to base 7.
-34
2 (base 7) to base 6
2
Convert -1 (base 10) to base 15.
-1
What is 203 (base 6) in base 7?
135
-223 (base 5) to base 9
-70
Convert 7 (base 10) 